)/(-4). What is the greatest common divisor of h and n?
5
Let z = 3 + -1. Suppose y = -5*x + 54 + 13, 0 = z*x - 6. Let g be (-356)/(-28) + (-6)/(-21). Calculate the highest common factor of y and g.
13
Let f(t) = -t + 18. Suppose -3 = c - 13. Let w be f(c). Calculate the greatest common divisor of w and 24.
8
Let r be (-1 + 2/6)*-15. Suppose -l = 5*v - 65, -4*l + l = 2*v - 208. Calculate the greatest common factor of r and l.
10
Suppose -2*v - v + 21 = 0. Suppose 0 = -0*z + z. Suppose -2*c + 1 + 1 = z. What is the greatest common divisor of c and v?
1
Let t = -9 - -21. Calculate the highest common divisor of t and 96.
12
Suppose 0 = 2*j - 2*l - 186, -4*j = -3*j - 5*l - 81. Calculate the greatest common divisor of j and 12.
12
Suppose 37*c + 72 = 41*c. Calculate the highest common factor of 90 and c.
18
Let r be (-2)/(-9) - (-7544)/72. What is the highest common factor of 35 and r?
35
Let s be 3 - (-98)/56*(-1 - -5). What is the greatest common divisor of 50 and s?
10
Let p = 154 + -151. Calculate the greatest common factor of p and 3.
3
Let q(i) = 21*i + 63. Let l be q(11). Calculate the highest common factor of 14 and l.
14
Let d be 584/14 + (-34)/(-119). What is the highest common factor of d and 21?
21
Let w(p) = 17*p - 2. Let g be w(4). What is the greatest common factor of 6 and g?
6
Suppose -23 = -4*m + 5. Suppose -m*z + 12 = -5*z. Let n be 6*(2 - (2 + -4)). Calculate the greatest common divisor of z and n.
6
Suppose 5*u - 8 - 72 = 0. Suppose 0*t + 4*t + 2*a - 166 = 0, -3*a - 191 = -4*t. Let i be t*(0 + -2)*-2. What is the highest common divisor of i and u?
16
Suppose 2*r = -4*z + 24, -5*r + 3*z = -r + 7. Suppose 5*c - 5*q - 30 = 0, 0 = -0*c - 5*c - r*q + 9. What is the highest common factor of 3 and c?
3
Let m = 1 + 8. Let p = -4 + m. Calculate the highest common factor of p and 2.
1
Suppose -51 = -3*j + 3*v, -3*j + 7*j - 23 = -5*v. What is the highest common divisor of j and 24?
12
Suppose -10 = 2*v - 4*h, 4*v + 2*h - 6*h + 24 = 0. Let p be (v*2)/(4/(-22)). Calculate the greatest common divisor of p and 7.
7
Suppose 3*k - 2*k = 15. Suppose 5*z = 3*z + 6. Let n be (2 - z) + k + 1. What is the highest common factor of 120 and n?
15
Let a(y) = -y**3 - 3*y**2 - 3*y + 4. Let x be a(-3). Suppose -n = -s + 11, -n + x = 3*s - 0*n. Calculate the greatest common factor of s and 2.
2
Let q be ((-540)/35)/(3/(-28)). Suppose -5*r + 49 = -31. What is the highest common factor of r and q?
16
Suppose g - 15 = -0*g. What is the greatest common divisor of g and 15?
15
Suppose 2*s = 3*s + 3*k - 138, 2*k = 4*s - 496. Calculate the highest common divisor of s and 14.
14
Suppose -v = -2*v + 20. Let w be 1 - ((-6 - -2) + 0). Calculate the highest common divisor of w and v.
5
Let u be ((-8)/6)/(2/(-6)). Let g be 2/8 - 336/64. Let p be (-4)/10*g*5. What is the highest common divisor of p and u?
2
Let y be -9 + (2 - 3)*-1. Let i be ((-2)/(-4))/(y/(-784)). Suppose -v - a = -9, 10*v - 5*v - i = -4*a. What is the highest common factor of 91 and v?
13
Let x be (2 - 0) + 0 + 17. What is the greatest common divisor of 304 and x?
19
Suppose 4*z - 2*z - 38 = 0. Let v = z - 13. Let j(h) = 8*h + 6. Let l be j(6). Calculate the greatest common divisor of l and v.
6
Suppose 0 = g - 6*g + 90. Let v be (2/4 + 0)*g. What is the highest common divisor of v and 90?
9
Suppose 0 = -5*d + 4*d. Let c(y) = -y + 5. Let b be c(0). Suppose -b*t = -3*n - 255, d = 3*t + 2*n + n - 129. What is the highest common factor of 12 and t?
12
Let y(a) = -66*a + 1. Let h be y(-2). What is the greatest common divisor of h and 19?
19
Let p be (-3)/(-12) - (-23)/4. Suppose l + p = 4*l. What is the greatest common divisor of 10 and l?
2
Let m = 9 + 21. Let r = m - 17. What is the greatest common factor of r and 143?
13
Let u be (-2)/(-9) - (-1504)/36. Suppose 0 = 3*p + 2*p + 2*m - 134, 0 = p - 4*m - 40. Calculate the greatest common divisor of u and p.
14
Suppose -r + 83 = 3*a - 21, -506 = -5*r - a. Let n = 165 - r. What is the highest common divisor of 16 and n?
16
Let r(f) = f**2 + f. Let p be r(1). Suppose p*t - 246 = 2*m, 3*t - 6*t = -5*m - 375. Calculate the highest common divisor of t and 12.
12
Let y = 5 + -3. Suppose -6 = y*i, 0*i = 3*u + 3*i - 9. Calculate the highest common factor of u and 42.
6
Let d be 2/5 - (-46)/10. Suppose 0 = -4*h + d + 35. Suppose 48*r + 80 = 49*r. What is the greatest common divisor of r and h?
10
Suppose 2*j + 9*j - 440 = 0. What is the greatest common factor of j and 20?
20
Suppose z + 2*z = 9. Suppose -z*w + 6 + 0 = 0. Suppose -i = w*i - 90. What is the greatest common factor of 15 and i?
15
Let n(r) = -6*r - 6. Suppose -5*i + 127 = 3*h, 4*i = -5*h + 43 + 69. Suppose -i + 2 = 3*q. Let x be n(q). Calculate the greatest common factor of x and 12.
12
Let c be (-1)/2 + 156/8. Calculate the highest common factor of 57 and c.
19
Suppose -89 = -2*k - r, 2*k + 3*r = r + 90. What is the highest common divisor of k and 4?
4
Let o(s) = -s**2 - 10*s - 11. Let k be o(-8). Suppose -2*b = 0, -5*m + 59 - 9 = 5*b. Let x = m + -5. Calculate the highest common factor of x and k.
5
Let s(k) = k**2 + 11*k + 14. Let b be s(-6). Let p = 29 + b. Calculate the greatest common divisor of p and 13.
13
Suppose -97 - 29 = -7*j. What is the greatest common divisor of j and 18?
18
Let q = 185 + -105. Suppose -4*t + 9*t - q = 0. Calculate the highest common factor of t and 16.
16
Let g(u) = 7*u**2 - 3*u. Let q be g(-3). Calculate the greatest common factor of 96 and q.
24
Suppose 8 + 4 = t. Let y(x) = -16*x**3 + 7*x**3 + 1 + x - 14*x**3 + x**2. Let k be y(-1). Calculate the highest common factor of k and t.
12
Let j(s) = -s**2 - 10*s + 7. Let v be j(8). Let l = 550 + -325. Let o = l + v. What is the greatest common divisor of o and 8?
8
Let n(h) = 4*h - 4. Let s be n(2). What is the greatest common factor of 12 and s?
4
Let w(z) = 4*z**2 - 2*z - 1. Let d be w(-1). Calculate the highest common factor of 55 and d.
5
Let y(p) = p + 1. Let z be y(1). Suppose 4*s - z*s = 32. What is the highest common factor of 24 and s?
8
Suppose 0*f - 55 = -2*c + f, 5*c + 3*f = 154. Calculate the highest common divisor of 58 and c.
29
Let y = 3 - 1. Let q(u) = -u**3 + 5*u**2 + 3 + 6*u - 7 - u**2 + 0*u**3. Let m be q(5). Calculate the greatest common divisor of y and m.
1
Suppose 3*t = 6, -b = -t - 0 - 10. Calculate the greatest common divisor of 24 and b.
12
Let c = -227 + 522. Suppose -t + c = 3*t - 5*i, 0 = 3*i + 9. Calculate the greatest common factor of t and 28.
14
Suppose 0 = -v + 3*x + 19, -2*v + 4*x + 2 + 30 = 0. Suppose 55 = o + 5*z, 37*z = 4*o + 35*z - 198. Calculate the highest common factor of v and o.
10
Suppose 3*r = -30 - 21. Let z = -11 - r. Suppose -2*m - y - z = -3*m, 5*y - 42 = -3*m. Calculate the greatest common factor of m and 1.
1
Let m(y) = -6*y + 69. Let b be m(6). Calculate the highest common factor of b and 22.
11
Let m(z) = z**2 - 6*z - 2. Let w be 1/(((-3)/(-3))/5). Let g be m(w). Let u = g + 17. Calculate the highest common divisor of 70 and u.
10
Let b = 29 + -15. Calculate the highest common factor of b and 35.
7
Let d(h) = h**2 + 6*h + 6. Let a be d(-6). Let u(v) = -v - 6. Suppose -8*k - 20 = -6*k. Let o be u(k). Calculate the highest common factor of o and a.
2
Let w be (1/1)/(4/8). Let r be w/(-8) + 197/4. Calculate the highest common divisor of 7 and r.
7
Suppose -2*x - 24 = -6*x. Suppose -3*k = 0, -k + 16 = -3*r + 52. Calculate the greatest common factor of x and r.
6
Let k be ((-30)/(-9) - -1)*(6 - 3). Calculate the greatest common divisor of k and 169.
13
Suppose 5*r - 70 + 10 = 0. Calculate the highest common divisor of 108 and r.
12
Suppose 3*p - 6*p = -93. Suppose -49 = -3*d + 83. Let l = d - p. What is the greatest common factor of 39 and l?
13
Suppose 5*h - 3*z - 4 - 27 = 0, 5*h + z - 23 = 0. Let p be ((-70)/8)/(2/(-8)). What is the highest common factor of p and h?
5
Suppose 0 = -6*w - 2*w + 48. Calculate the highest common factor of 9 and w.
3
Suppose 23*w = 22*w + 32. What is the highest common factor of w and 8?
8
Let r = -25 - -26. What is the greatest common factor of r and 2?
1
Suppose 4*o - 110 = -3*t, -2 = 5*t - 2*o - 142. Suppose 5*p + t = 6*p. What is the greatest common divisor of p and 6?
6
Suppose o = 2*o + 4. Suppose -p + 91 = -2*w - 9, -2*w = -5*p + 46